rs of 99678524?
2, 11, 2265421
List the prime factors of 944856522.
2, 3, 197, 88819
List the prime factors of 7922174063.
17, 1069, 25643
List the prime factors of 3710829561.
3, 19, 3373, 19301
What are the prime factors of 1919008539?
3, 7, 4637, 6569
What are the prime factors of 2124421309?
6287, 337907
List the prime factors of 111540668.
2, 27885167
List the prime factors of 3049698502.
2, 19001, 80251
List the prime factors of 47611482.
2, 3, 1321, 6007
List the prime factors of 4131982943.
11, 523, 643, 1117
What are the prime factors of 1220931134?
2, 21839, 27953
List the prime factors of 92372809.
97, 952297
What are the prime factors of 230250047?
8297, 27751
What are the prime factors of 47981642?
2, 47, 53, 9631
List the prime factors of 52020860.
2, 5, 19, 136897
List the prime factors of 277924754.
2, 349, 439, 907
List the prime factors of 230335684.
2, 57583921
What are the prime factors of 103502798?
2, 7, 29, 79, 461
List the prime factors of 120168780.
2, 3, 5, 61, 32833
List the prime factors of 35220737.
19, 1853723
What are the prime factors of 96407235?
3, 5, 19, 112757
What are the prime factors of 16111291?
7, 17, 135389
List the prime factors of 863738685.
3, 5, 643, 29851
What are the prime factors of 4599553257?
3, 13, 2311, 17011
List the prime factors of 2800950957.
3, 7, 17, 41, 227, 281
List the prime factors of 342210496.
2, 103, 51913
List the prime factors of 1174486264.
2, 7, 37, 131, 4327
What are the prime factors of 740145054?
2, 3, 11, 2143, 5233
List the prime factors of 4352601552.
2, 3, 13, 6975323
What are the prime factors of 496495300?
2, 5, 7, 709279
What are the prime factors of 35255393?
19, 701, 2647
What are the prime factors of 357646244?
2, 131, 682531
List the prime factors of 3467927.
487, 7121
List the prime factors of 159294676.
2, 41, 971309
List the prime factors of 1605088410.
2, 3, 5, 719, 74413
What are the prime factors of 5658228982?
2, 7, 404159213
What are the prime factors of 1157251304?
2, 11, 13150583
List the prime factors of 189449188.
2, 2203, 21499
List the prime factors of 2870601.
3, 71, 13477
What are the prime factors of 508090199?
508090199
List the prime factors of 1568465886.
2, 3, 13, 20108537
What are the prime factors of 1775735813?
9419, 188527
What are the prime factors of 105105538?
2, 23, 349, 6547
List the prime factors of 401533492.
2, 100383373
List the prime factors of 90751557.
3, 13, 2326963
List the prime factors of 580073499.
3, 53, 1216087
List the prime factors of 54847411.
54847411
List the prime factors of 8672150090.
2, 5, 109, 7956101
List the prime factors of 12960737.
541, 23957
List the prime factors of 802322959.
802322959
What are the prime factors of 1726562921?
1726562921
What are the prime factors of 5305094330?
2, 5, 530509433
List the prime factors of 1309493384.
2, 103, 397, 4003
List the prime factors of 403783864.
2, 11, 17, 15877
List the prime factors of 611477411.
611477411
What are the prime factors of 221598712?
2, 83, 107, 3119
What are the prime factors of 720373682?
2, 7, 67, 647, 1187
What are the prime factors of 51065069?
11, 37, 3391
What are the prime factors of 1172347?
11, 197, 541
What are the prime factors of 524701826?
2, 11, 241, 98963
What are the prime factors of 21297593?
1871, 11383
List the prime factors of 21319760.
2, 5, 7, 11, 3461
What are the prime factors of 6202185?
3, 5, 11, 37589
List the prime factors of 499628728.
2, 62453591
What are the prime factors of 143137735?
5, 13, 19, 115901
What are the prime factors of 706816891?
11, 19, 197, 17167
What are the prime factors of 5609606892?
2, 3, 17, 19, 67, 21601
List the prime factors of 43998288.
2, 3, 43, 21317
What are the prime factors of 3475754945?
5, 13, 71, 753143
List the prime factors of 51829888.
2, 11, 131, 281
What are the prime factors of 145482755?
5, 11, 2645141
What are the prime factors of 3277188526?
2, 1638594263
What are the prime factors of 9234214?
2, 11, 421, 997
What are the prime factors of 257380783?
11, 19, 1231487
What are the prime factors of 13623128?
2, 1702891
List the prime factors of 7933935.
3, 5, 528929
List the prime factors of 482897986.
2, 1019, 236947
List the prime factors of 803223587.
803223587
List the prime factors of 1369746545.
5, 2557, 107137
What are the prime factors of 193763826?
2, 3, 31, 1429
What are the prime factors of 108582647?
108582647
List the prime factors of 8647993766.
2, 4323996883
What are the prime factors of 176777353?
7603, 23251
What are the prime factors of 371641892?
2, 92910473
What are the prime factors of 154270468?
2, 11, 3506147
What are the prime factors of 1262755559?
13, 6163, 15761
What are the prime factors of 538291341?
3, 7, 8544307
List the prime factors of 54951484.
2, 7, 61, 32173
What are the prime factors of 2862010111?
6199, 461689
What are the prime factors of 29381779?
7, 317, 13241
What are the prime factors of 6369498?
2, 3, 61, 5801
List the prime factors of 58986257.
11, 1931, 2777
List the prime factors of 98664467.
11, 29, 309293
What are the prime factors of 348983350?
2, 5, 6979667
List the prime factors of 84465213.
3, 7, 4022153
What are the prime factors of 412528398?
2, 3, 68754733
List the prime factors of 231509431.
953, 242927
List the prime factors of 119875208.
2, 3463, 4327
What are the prime factors of 8025909?
3, 2675303
What are the prime factors of 189908558?
2, 7, 13564897
List the prime factors of 903071319.
3, 12539, 24007
What are the prime factors of 97541002?
2, 13, 17, 220681
What are the prime factors of 20626949?
7, 241, 12227
List the prime factors of 184841365.
5, 47, 151, 5209
What are the prime factors of 4047283799?
13, 41, 7593403
List the prime factors of 104611177.
11, 9510107
List the prime factors of 40316312.
2, 67, 75217
What are the prime factors of 966081795?
3, 5, 7, 179, 1049
What are the prime factors of 81303997?
211, 385327
List the prime factors of 119347195.
5, 11, 547, 3967
What are the prime factors of 1564315111?
1564315111
What are the prime factors of 258189622?
2, 181, 479, 1489
What are the prime factors of 171720672?
2, 3, 17, 43, 2447
What are the prime factors of 61880945?
5, 7, 53, 33359
What are the prime factors of 54314360?
2, 5, 607, 2237
What are the prime factors of 395959103?
395959103
List the prime factors of 371730543.
3, 331, 374351
List the prime factors of 61324947.
3, 37, 61, 3019
What are the prime factors of 129302642?
2, 7, 23, 37, 10853
What are the prime factors of 57282365?
5, 7, 1069, 1531
What are the prime factors of 67176285?
3, 5, 11, 383, 1063
What are the prime factors of 633621846?
2, 3, 11, 13, 738487
List the prime factors of 596436995.
5, 7, 11, 97, 15971
List the prime factors of 228250996.
2, 29, 83, 151, 157
What are the prime factors of 73658541?
3, 11, 47, 47491
What are the prime factors of 18821251?
227, 82913
What are the prime factors of 37776624?
2, 3, 73, 10781
What are the prime factors of 2064595317?
3, 688198439
List the prime factors of 1292674588.
2, 323168647
List the prime factors of 1479350039.
31, 47720969
List the prime factors of 125880682.
2, 17, 173, 21401
What are the prime factors of 35423893?
487, 72739
What are the prime factors of 91350780?
2, 3, 5, 37, 41149
List the prime factors of 315293749.
557, 566057
What are the prime factors of 429502052?
2, 7, 2191337
What are the prime factors of 24359721?
3, 8119907
What are the prime factors of 673685289?
3, 24951307
List the prime factors of 329863340.
2, 5, 16493167
What are the prime factors of 77212763?
61, 367, 3449
What are the prime factors of 234673435?
5, 3251, 14437
What are the prime factors of 31642879?
157, 201547
List the prime factors of 1531731824.
2, 7, 17, 31, 25951
What are the prime factors of 462558524?
2, 115639631
What are the prime factors of 795711506?
2, 4789, 83077
What are the prime factors of 24356905?
5, 71, 68611
What are the prime factors of 2447469103?
2447469103
What are the prime factors of 1929202025?
5, 73, 239, 4423
List the prime factors of 312104334.
2, 3, 52017389
List the prime factors of 7176460314.
2, 3, 137, 8730487
List the prime factors of 1397217953.
19, 73537787
What are the prime factors of 23173366?
2, 151, 76733
What are the prime fact